t the prime factors of 76959449.
7, 23, 2969
List the prime factors of 121026574.
2, 3583, 16889
What are the prime factors of 71854117?
47, 1528811
List the prime factors of 919164243.
3, 73, 4197097
List the prime factors of 2039002834.
2, 11, 2731, 33937
List the prime factors of 51514305.
3, 5, 3434287
What are the prime factors of 224461393?
13, 23, 750707
List the prime factors of 577122947.
337, 1712531
List the prime factors of 34825602.
2, 3, 7, 163, 5087
What are the prime factors of 121635393?
3, 11, 127, 29023
List the prime factors of 297486656.
2, 4648229
What are the prime factors of 3727642919?
7, 11, 13, 29, 128411
List the prime factors of 934916.
2, 37, 6317
List the prime factors of 28850974.
2, 53, 272179
What are the prime factors of 7535606031?
3, 17, 49252327
What are the prime factors of 507323075?
5, 7, 23, 241, 523
What are the prime factors of 548441639?
37, 59, 251233
What are the prime factors of 502038408?
2, 3, 20918267
What are the prime factors of 62088706?
2, 2539, 12227
What are the prime factors of 7020927245?
5, 5741, 244589
List the prime factors of 1384731825.
3, 5, 18463091
What are the prime factors of 211564045?
5, 7, 11, 549517
What are the prime factors of 16891284?
2, 3, 1407607
List the prime factors of 5694471.
3, 19, 33301
What are the prime factors of 7051492017?
3, 87055457
List the prime factors of 4880740650.
2, 3, 5, 32538271
What are the prime factors of 635849050?
2, 5, 12716981
List the prime factors of 72357096.
2, 3, 7, 430697
List the prime factors of 44535609.
3, 1069, 1543
What are the prime factors of 5692050971?
23, 61, 859, 4723
What are the prime factors of 27246551?
19, 31, 167, 277
List the prime factors of 382829705.
5, 241, 317701
What are the prime factors of 422017676?
2, 105504419
List the prime factors of 1077372379.
1077372379
List the prime factors of 225465570.
2, 3, 5, 11, 227743
What are the prime factors of 105203259?
3, 7, 17, 137, 239
List the prime factors of 372970342.
2, 19, 89, 110281
List the prime factors of 341698206.
2, 3, 827, 68863
What are the prime factors of 87530394?
2, 3, 7, 59, 35323
List the prime factors of 17981960.
2, 5, 449549
What are the prime factors of 220157696?
2, 11, 37, 2113
What are the prime factors of 38531730?
2, 3, 5, 659, 1949
What are the prime factors of 88635106?
2, 7, 2381, 2659
What are the prime factors of 22483156?
2, 19, 295831
List the prime factors of 92372488.
2, 13, 79, 11243
What are the prime factors of 15772588?
2, 13, 53, 59, 97
What are the prime factors of 129269285?
5, 25853857
What are the prime factors of 50959586?
2, 25479793
List the prime factors of 308849692.
2, 1439, 53657
List the prime factors of 1798020009.
3, 23, 8686087
What are the prime factors of 71253858?
2, 3, 13, 127, 7193
What are the prime factors of 85344979?
19, 4491841
What are the prime factors of 79068716?
2, 19767179
List the prime factors of 933502028.
2, 17, 13727971
What are the prime factors of 28746509?
11, 131, 19949
What are the prime factors of 2876188968?
2, 3, 197, 202777
List the prime factors of 475817757.
3, 158605919
List the prime factors of 94521249.
3, 1166929
List the prime factors of 213856931.
43, 73, 193, 353
What are the prime factors of 42178417?
42178417
What are the prime factors of 1966948?
2, 491737
What are the prime factors of 586475999?
4649, 126151
List the prime factors of 81876772.
2, 557, 36749
What are the prime factors of 1410858384?
2, 3, 13, 1061, 2131
List the prime factors of 245352.
2, 3, 10223
What are the prime factors of 2596458856?
2, 29, 113, 99041
List the prime factors of 58973267.
58973267
List the prime factors of 2519737421.
19, 132617759
List the prime factors of 400695844.
2, 43, 191, 12197
What are the prime factors of 91112084?
2, 7, 29, 112207
List the prime factors of 86865420.
2, 3, 5, 1091, 1327
List the prime factors of 5721405.
3, 5, 191, 1997
List the prime factors of 144944593.
144944593
List the prime factors of 1915625478.
2, 3, 13, 1889177
List the prime factors of 429726561.
3, 11, 17, 337, 2273
List the prime factors of 136296194.
2, 991, 68767
List the prime factors of 1485687548.
2, 223, 1665569
List the prime factors of 5377042452.
2, 3, 83, 853, 6329
What are the prime factors of 4923221877?
3, 7, 467, 18593
What are the prime factors of 1623220494?
2, 3, 7, 38648107
What are the prime factors of 43638345?
3, 5, 19, 53, 107
What are the prime factors of 1036174762?
2, 7, 74012483
What are the prime factors of 152164934?
2, 4013, 18959
List the prime factors of 132804605.
5, 463, 57367
What are the prime factors of 29535154?
2, 11, 17, 157, 503
List the prime factors of 752389297.
11, 67, 1020881
List the prime factors of 1127853351.
3, 37, 3386947
List the prime factors of 80093672.
2, 83, 120623
What are the prime factors of 797133657?
3, 19, 173, 229, 353
What are the prime factors of 48553684?
2, 12138421
List the prime factors of 227179919.
227179919
List the prime factors of 342150061.
11, 557, 55843
List the prime factors of 35893557.
3, 7, 189913
List the prime factors of 34336840.
2, 5, 31, 27691
What are the prime factors of 91616624?
2, 11, 520549
What are the prime factors of 84261138?
2, 3, 13, 1080271
What are the prime factors of 1270382932?
2, 7, 13, 29, 151, 797
List the prime factors of 65743031.
65743031
What are the prime factors of 25179113?
25179113
What are the prime factors of 421140607?
421140607
List the prime factors of 43413488.
2, 43, 89, 709
List the prime factors of 270251181.
3, 2677, 3739
List the prime factors of 2024947089.
3, 11, 367, 55733
List the prime factors of 348852048.
2, 3, 47, 239, 647
What are the prime factors of 664612474?
2, 53, 1181, 5309
List the prime factors of 46228742.
2, 7, 59, 55967
What are the prime factors of 2597959738?
2, 11, 118089079
What are the prime factors of 285675?
3, 5, 13, 293
List the prime factors of 72770612.
2, 18192653
List the prime factors of 766011191.
11, 29, 419, 521
What are the prime factors of 45118187?
17, 2654011
What are the prime factors of 995408516?
2, 5009, 49681
What are the prime factors of 37880234?
2, 7, 55219
List the prime factors of 249623681.
2309, 108109
List the prime factors of 4489711.
463, 9697
List the prime factors of 87892313.
643, 136691
What are the prime factors of 177851100?
2, 3, 5, 7, 84691
What are the prime factors of 3993345875?
5, 31946767
List the prime factors of 334239808.
2, 7, 257, 2903
List the prime factors of 63935738.
2, 157, 203617
What are the prime factors of 26528166?
2, 3, 7, 173, 1217
What are the prime factors of 1723943007?
3, 59, 181, 1993
List the prime factors of 1472436089.
53, 1973, 14081
List the prime factors of 518651086.
2, 14537, 17839
List the prime factors of 188914964.
2, 7, 6746963
List the prime factors of 2403407158.
2, 1201703579
List the prime factors of 286210631.
7, 31, 1318943
What are the prime factors of 162319035?
3, 5, 1753, 6173
What are the prime factors of 183095935?
5, 11, 43, 77419
List the prime factors of 62399726.
2, 31199863
List the prime factors of 183285817.
11, 13, 139, 9221
What are the prime factors of 115197540?
2, 3, 5, 1919959
List the prime factors of 194075453.
11, 13, 29, 53, 883
What are the prime factors of 65272894?
2, 17, 919, 2089
What are the prime factors of 16718324?
2, 7, 41, 14563
List the prime factors of 35196744.
2, 3, 11, 133321
What are the prime factors of 2190748573?
13, 168519121
List the prime factors of 414275611.
1091, 379721
List the prime factors of 2192637965.
5, 7, 271, 231169
List the prime factors of 327219566.
2, 163, 1003741
What are the prime factors of 93329662?
2, 46664831
What are the prime factors of 1613666796?
2, 3, 7, 19210319
List the prime factors of 1578281555.
5, 1579, 199909
What are the prime factors of 140498782?
2, 89, 541, 1459
List the prime factors of 277783807.
7, 829, 47869
What are the prime factors of 3159342188?
2, 789835547
What are the prime factors of 114425063?
947, 120829
What are the prime factors of 70055618?
2, 73, 479833
List the prime factors of 763668866.
2, 17, 3559, 6311
List the prime factors of 96125197.
7, 41, 334931
What are the prime factors of 370482867?
3, 83, 97, 5113
List the prime factors of 2088904724.
2, 